 millions digit of 282365444?
8
What is the tens digit of 3869239794?
9
What is the hundred thousands digit of 79295578?
2
What is the billions digit of 2030271566?
2
What is the ten millions digit of 57980347?
5
What is the hundreds digit of 38928572?
5
What is the ten thousands digit of 346452486?
5
What is the hundreds digit of 151300944?
9
What is the hundreds digit of 202144380?
3
What is the ten thousands digit of 4892450216?
5
What is the millions digit of 4448686943?
8
What is the hundred millions digit of 203831069?
2
What is the tens digit of 31204322?
2
What is the hundred thousands digit of 3055982?
0
What is the thousands digit of 555187960?
7
What is the hundreds digit of 487214361?
3
What is the billions digit of 1052868987?
1
What is the units digit of 294625112?
2
What is the hundreds digit of 24324749?
7
What is the ten millions digit of 885022023?
8
What is the units digit of 3811503796?
6
What is the units digit of 7925833?
3
What is the thousands digit of 1122862927?
2
What is the thousands digit of 13867364?
7
What is the hundred thousands digit of 819534772?
5
What is the thousands digit of 95553654?
3
What is the hundred thousands digit of 1002488540?
4
What is the ten thousands digit of 68244025?
4
What is the thousands digit of 119622049?
2
What is the tens digit of 129327524?
2
What is the ten thousands digit of 59417631?
1
What is the hundred millions digit of 797232175?
7
What is the hundred millions digit of 437656824?
4
What is the tens digit of 196475042?
4
What is the ten thousands digit of 17576517?
7
What is the millions digit of 18392208?
8
What is the units digit of 1182778500?
0
What is the ten thousands digit of 537487410?
8
What is the hundred thousands digit of 86831757?
8
What is the hundred thousands digit of 148523733?
5
What is the billions digit of 2412404032?
2
What is the ten thousands digit of 728749415?
4
What is the tens digit of 528247?
4
What is the millions digit of 69318991?
9
What is the millions digit of 2435774331?
5
What is the millions digit of 377117986?
7
What is the tens digit of 3184642015?
1
What is the hundred thousands digit of 441189039?
1
What is the ten millions digit of 45593560?
4
What is the tens digit of 338174822?
2
What is the ten millions digit of 165550907?
6
What is the hundred thousands digit of 1102533182?
5
What is the ten thousands digit of 247262411?
6
What is the hundreds digit of 377153971?
9
What is the hundred thousands digit of 40591406?
5
What is the ten thousands digit of 931421889?
2
What is the ten millions digit of 934487412?
3
What is the thousands digit of 247242460?
2
What is the billions digit of 4770493378?
4
What is the hundred thousands digit of 950649719?
6
What is the tens digit of 63325246?
4
What is the thousands digit of 172195560?
5
What is the units digit of 3890630?
0
What is the ten thousands digit of 12629334?
2
What is the billions digit of 2364345453?
2
What is the thousands digit of 143469612?
9
What is the tens digit of 19601306?
0
What is the units digit of 1006735983?
3
What is the hundred thousands digit of 49317628?
3
What is the units digit of 101253552?
2
What is the hundred millions digit of 232410008?
2
What is the ten millions digit of 411884295?
1
What is the hundred thousands digit of 4282392?
2
What is the units digit of 6587996715?
5
What is the thousands digit of 7714417?
4
What is the hundred thousands digit of 531666708?
6
What is the units digit of 122623159?
9
What is the billions digit of 1068052579?
1
What is the hundreds digit of 23495467?
4
What is the hundreds digit of 249942528?
5
What is the ten thousands digit of 2284841?
8
What is the ten millions digit of 2139648436?
3
What is the billions digit of 1294131501?
1
What is the ten thousands digit of 68288155?
8
What is the ten thousands digit of 24394160?
9
What is the hundreds digit of 171428782?
7
What is the ten millions digit of 9187449514?
8
What is the hundred millions digit of 350513751?
3
What is the ten millions digit of 1091510687?
9
What is the hundred thousands digit of 575065708?
0
What is the hundreds digit of 5966813952?
9
What is the millions digit of 1564362464?
4
What is the thousands digit of 96798696?
8
What is the ten millions digit of 285229966?
8
What is the hundred thousands digit of 36760950?
7
What is the hundreds digit of 728131104?
1
What is the hundred thousands digit of 2833951319?
9
What is the ten millions digit of 1499958707?
9
What is the hundreds digit of 218300370?
3
What is the hundred thousands digit of 430461804?
4
What is the units digit of 29100270?
0
What is the millions digit of 66634445?
6
What is the hundred millions digit of 609178451?
6
What is the units digit of 7431199?
9
What is the hundred millions digit of 571751538?
5
What is the hundred millions digit of 864033532?
8
What is the hundred thousands digit of 3574858899?
8
What is the tens digit of 6172343074?
7
What is the millions digit of 110294300?
0
What is the units digit of 1065874329?
9
What is the millions digit of 63084161?
3
What is the hundred thousands digit of 219333881?
3
What is the hundred thousands digit of 1768465876?
4
What is the ten thousands digit of 65484699?
8
What is the hundred millions digit of 2423604070?
4
What is the hundreds digit of 108900105?
1
What is the units digit of 312794466?
6
What is the hundred millions digit of 235562039?
2
What is the millions digit of 47728546?
7
What is the hundreds digit of 11780511?
5
What is the tens digit of 814058003?
0
What is the tens digit of 1535002594?
9
What is the hundreds digit of 38811368?
3
What is the thousands digit of 768190389?
0
What is the tens digit of 120812494?
9
What is the ten thousands digit of 3977642686?
4
What is the millions digit of 77889212?
7
What is the units digit of 382427519?
9
What is the millions digit of 549951660?
9
What is the tens digit of 278919041?
4
What is the units digit of 929855146?
6
What is the billions digit of 1725381727?
1
What is the hundred thousands digit of 604703492?
7
What is the millions digit of 259427535?
9
What is the hundred thousands digit of 37910414?
9
What is the hundred thousands digit of 2307019350?
0
What is the hundreds digit of 165811606?
6
What is the hundreds digit of 9831391?
3
What is the units digit of 146942078?
8
What is the units digit of 345952022?
2
What is the hundred millions digit of 4482840343?
4
What is the thousands digit of 290946952?
6
What is the millions digit of 37880847?
7
What is the tens digit of 242434136?
3
What is the hundred thousands digit of 177967329?
9
What is the units digit of 15260991?
1
What is the hundred millions digit of 615794263?
6
What is the tens digit of 15567337?
3
What is the hundred thousands digit of 2845706150?
7
What is the tens digit of 719316608?
0
What is the ten thousands digit of 34612591?
1
What is the ten thousands digit of 5186285335?
8
What is the hundred thousands digit of 1749429458?
4
What is the millions digit of 492844258?
2
What is the tens digit of 1720693426?
2
What is the millions digit of 70781007?
0
What is the ten thousands digit of 29634881?
3
What is the millions digit of 535148700?
5
What is the tens digit of 457930555?
5
What is the thousands digit of 2156122856?
2
What is the millions digit of 79262372?
9
What is the thousands digit of 1014425809?
5
What is the ten thousands digit of 69461033?
6
What is the hundred thousands digit of 103977795?
9
What is the hundreds digit of 2798654035?
0
What is the ten millions digit of 73946618?
7
What is the hundreds digit of 487540271?
2
What is the hundreds digit of 297778684?
6
What is the tens digit of 257406073?
7
What is the hundred thousands digit of 227186445?
1
What is the hundreds digit of 40526554?
5
What is the thousands digit of 2060963345?
3
What is the millions digit of 1996900431?
6
What is the billions digit of 3609799526?
3
What is the hundreds digit of 704355229?
2
What is the millions digit of 115924162?
5
What is the tens digit of 189540487?
8
What is the ten millions digit of 161387741?
6
What is the millions digit of 218281741?
8
What is the hundred thousands digit of 204330564?
3
What is the ten thousands digit of 472600771?
0
What is the hundred thousands digit of 2182133679?
1